{"id":290,"date":"2024-09-20T09:30:00","date_gmt":"2024-09-20T09:30:00","guid":{"rendered":"https:\/\/desetaosnovna.edu.ba\/?page_id=290"},"modified":"2025-09-28T19:22:36","modified_gmt":"2025-09-28T19:22:36","slug":"plan-pismenih-provjera-znanja","status":"publish","type":"page","link":"https:\/\/desetaosnovna.edu.ba\/index.php\/plan-pismenih-provjera-znanja\/","title":{"rendered":"Plan pisanih provjera znanja"},"content":{"rendered":"\n<h2 class=\"wp-block-heading\">Okvirni kalendar pisanih provjera znanja za \u0161kolsku 2025\/26. godinu<\/h2>\n\n\n\n<div class=\"wp-block-file\"><a id=\"wp-block-file--media-08b4a612-7bfb-42cb-bf7d-619dcbc42ca8\" href=\"https:\/\/desetaosnovna.edu.ba\/wp-content\/uploads\/2025\/09\/Plan-pisanih-provjera-2025-2026.-potpun.xlsx\">Plan-pisanih-provjera-2025-2026.<\/a><a href=\"https:\/\/desetaosnovna.edu.ba\/wp-content\/uploads\/2025\/09\/Plan-pisanih-provjera-2025-2026.-potpun.xlsx\" class=\"wp-block-file__button wp-element-button\" download aria-describedby=\"wp-block-file--media-08b4a612-7bfb-42cb-bf7d-619dcbc42ca8\">Download<\/a><\/div>\n\n\n\n<hr class=\"wp-block-separator has-alpha-channel-opacity is-style-wide\"\/>\n\n\n\n<h2 class=\"wp-block-heading\">Okvirni kalendar pisanih provjera znanja za \u0161kolsku 2024\/25. godinu<\/h2>\n\n\n\n<p>20 Septembar, 2024<\/p>\n\n\n\n<div class=\"wp-block-file\"><a id=\"wp-block-file--media-baba014e-dfe1-4644-8794-6549ac35c44a\" href=\"https:\/\/desetaosnovna.edu.ba\/wp-content\/uploads\/2024\/09\/Plan-pisanih-provjera-2024-2025.xlsx\">Plan-pisanih-provjera-2024-2025<\/a><a href=\"https:\/\/desetaosnovna.edu.ba\/wp-content\/uploads\/2024\/09\/Plan-pisanih-provjera-2024-2025.xlsx\" class=\"wp-block-file__button wp-element-button\" download aria-describedby=\"wp-block-file--media-baba014e-dfe1-4644-8794-6549ac35c44a\">Download<\/a><\/div>\n\n\n\n<hr class=\"wp-block-separator has-alpha-channel-opacity is-style-wide\"\/>\n\n\n\n<p>19 Septembar, 2023<\/p>\n\n\n\n<div class=\"wp-block-file\"><a id=\"wp-block-file--media-677c9e31-22db-4dee-ac19-0898546d3aa8\" href=\"https:\/\/desetaosnovna.edu.ba\/wp-content\/uploads\/2023\/09\/Plan-pisanih-provjera-2023-2024.-final.xlsx\">Plan-pisanih-provjera-2023-2024.-final<\/a><a href=\"https:\/\/desetaosnovna.edu.ba\/wp-content\/uploads\/2023\/09\/Plan-pisanih-provjera-2023-2024.-final.xlsx\" class=\"wp-block-file__button wp-element-button\" download aria-describedby=\"wp-block-file--media-677c9e31-22db-4dee-ac19-0898546d3aa8\">Download<\/a><\/div>\n\n\n\n<hr class=\"wp-block-separator has-alpha-channel-opacity is-style-wide\"\/>\n\n\n\n<p>17 Mart, 2023<\/p>\n\n\n\n<div class=\"wp-block-file\"><a id=\"wp-block-file--media-c0f915d6-40df-427c-b80c-1dfd73adbd77\" href=\"https:\/\/desetaosnovna.edu.ba\/wp-content\/uploads\/2023\/03\/pisane-provjere-22-23-DESETA-dopune-sa-143.-NV-9-3-23.xlsx\"><strong>Dopuna Okvirnog kalendara pisanih provjera znanja za \u0161kolsku 2022\/23. godinu<\/strong><br><strong>sa 143. sjednice Nastavni\u010dkog vije\u0107a od 9.3.2023. godine<\/strong><\/a><a href=\"https:\/\/desetaosnovna.edu.ba\/wp-content\/uploads\/2023\/03\/pisane-provjere-22-23-DESETA-dopune-sa-143.-NV-9-3-23.xlsx\" class=\"wp-block-file__button wp-element-button\" download aria-describedby=\"wp-block-file--media-c0f915d6-40df-427c-b80c-1dfd73adbd77\">Download<\/a><\/div>\n\n\n\n<p><strong>Napomena: <\/strong>Tabela je izra\u0111ena na e-u\u010dionici i nastavnici su samostalno unosili prijedlog datuma. Ista je preuzeta 16.9.2022. godine i objavljena na web stranici \u0161kole i oglasnoj plo\u010di \u0161kole u skladu sa \u010dlanom 12., stav (2) Pravilnika o pra\u0107enju, vredovanju i ocjenjivanju u\u010denika osnovnih i srednjih \u0161kola u Kantonu Sarajevo. Nastavnica Almira Kurtali\u0107 je uo\u010dila da nisu zabilje\u017eene provjere iz nastavnog predmeta Engleski jezik za VIII razred, te su iste utvr\u0111ene na 139. sjednici Nastavni\u010dkog vije\u0107a. Od dana usvajanja dopune ovaj Okvirni kalendar pisanih provjera znanja je va\u017ee\u0107i. <strong>Aktiv II razreda je posebno planirao pisane provjere znanja za II polugodi\u0161te, te se dopuna plana vr\u0161i samo za II razred<\/strong>. Va\u017ei od po\u010detka II polugodi\u0161ta, a utvr\u0111en je na 143. sjednici. Nastavni\u010dkog vije\u0107a 9.3.2023. godine.<\/p>\n\n\n\n<hr class=\"wp-block-separator has-alpha-channel-opacity is-style-wide\"\/>\n\n\n\n<p class=\"has-medium-font-size\">08 Decembar, 2022<\/p>\n\n\n\n<div class=\"wp-block-file\"><a id=\"wp-block-file--media-30d9f8ae-a489-4de9-99f0-2eca923bf5b2\" href=\"https:\/\/desetaosnovna.edu.ba\/wp-content\/uploads\/2022\/12\/pisane-provjere-22-23-DESETA-dopune-sa-139.-NV-24-11-22.xlsx\">Dopuna Okvirnog kalendara pisanih provjera znanja za \u0161kolsku 2022\/23. godinu&nbsp;sa 139. sjednice Nastavni\u010dkog vije\u0107a od 24.11.2022. <\/a><a href=\"https:\/\/desetaosnovna.edu.ba\/wp-content\/uploads\/2022\/12\/pisane-provjere-22-23-DESETA-dopune-sa-139.-NV-24-11-22.xlsx\" class=\"wp-block-file__button wp-element-button\" download aria-describedby=\"wp-block-file--media-30d9f8ae-a489-4de9-99f0-2eca923bf5b2\">Download<\/a><\/div>\n\n\n\n<hr class=\"wp-block-separator has-alpha-channel-opacity is-style-wide\"\/>\n\n\n\n<p>16 Sep, 2022<\/p>\n\n\n\n<div class=\"wp-block-file\"><a id=\"wp-block-file--media-c51aee4f-26e3-4faa-a8b6-8814f621950c\" href=\"https:\/\/desetaosnovna.edu.ba\/wp-content\/uploads\/2022\/09\/pisane-provjere-22-23-DESETA-preuz-16-9.xlsx\">Plan pisanih provjera znanja za \u0161kolsku 2022\/2023<\/a><a href=\"https:\/\/desetaosnovna.edu.ba\/wp-content\/uploads\/2022\/09\/pisane-provjere-22-23-DESETA-preuz-16-9.xlsx\" class=\"wp-block-file__button wp-element-button\" download aria-describedby=\"wp-block-file--media-c51aee4f-26e3-4faa-a8b6-8814f621950c\">Download<\/a><\/div>\n\n\n\n<hr class=\"wp-block-separator has-css-opacity is-style-wide\"\/>\n\n\n\n<p>16 Sep, 2021<\/p>\n\n\n\n<div class=\"wp-block-file\"><a id=\"wp-block-file--media-8248a3df-68e0-41cd-886b-c3f6ae2f280b\" href=\"https:\/\/desetaosnovna.edu.ba\/wp-content\/uploads\/2021\/10\/pisane-provjere-2020-2021-Deseta-osnovna.xlsx\">Plan pisanih provjera znanja za \u0161kolsku 2021\/2022<\/a><a href=\"https:\/\/desetaosnovna.edu.ba\/wp-content\/uploads\/2021\/10\/pisane-provjere-2020-2021-Deseta-osnovna.xlsx\" class=\"wp-block-file__button wp-element-button\" download aria-describedby=\"wp-block-file--media-8248a3df-68e0-41cd-886b-c3f6ae2f280b\">Download<\/a><\/div>\n\n\n\n<hr class=\"wp-block-separator has-css-opacity is-style-wide\"\/>\n\n\n\n<p>15 Sep, 2020<\/p>\n\n\n\n<div class=\"wp-block-file\"><a id=\"wp-block-file--media-59bd9c1d-8fd6-430f-a838-59efb164bdc7\" href=\"https:\/\/desetaosnovna.edu.ba\/wp-content\/uploads\/2020\/09\/pisane-provjere-2020-2021.xlsx\">Plan pisanih provjera znanja za \u0161kolsku 2020\/2021<\/a><a href=\"https:\/\/desetaosnovna.edu.ba\/wp-content\/uploads\/2020\/09\/pisane-provjere-2020-2021.xlsx\" class=\"wp-block-file__button wp-element-button\" download aria-describedby=\"wp-block-file--media-59bd9c1d-8fd6-430f-a838-59efb164bdc7\">Download<\/a><\/div>\n\n\n\n<hr class=\"wp-block-separator has-css-opacity is-style-wide\"\/>\n\n\n\n<p>15 Sep, 2019<\/p>\n\n\n\n<div class=\"wp-block-file\"><a id=\"wp-block-file--media-bf75a99b-6eac-4415-b2b1-bf8296a6be5f\" href=\"https:\/\/desetaosnovna.edu.ba\/wp-content\/uploads\/2019\/10\/Pisane-provjere-znanja-2019-2020.xlsx\">Plan pisanih provjera znanja za \u0161kolsku 2019\/2020<\/a><a href=\"https:\/\/desetaosnovna.edu.ba\/wp-content\/uploads\/2019\/10\/Pisane-provjere-znanja-2019-2020.xlsx\" class=\"wp-block-file__button wp-element-button\" download aria-describedby=\"wp-block-file--media-bf75a99b-6eac-4415-b2b1-bf8296a6be5f\">Download<\/a><\/div>\n","protected":false},"excerpt":{"rendered":"<p>Okvirni kalendar pisanih provjera znanja za \u0161kolsku 2025\/26. godinu Okvirni kalendar pisanih provjera znanja za \u0161kolsku 2024\/25. godinu 20 Septembar, &hellip; <\/p>\n","protected":false},"author":1,"featured_media":0,"parent":0,"menu_order":0,"comment_status":"closed","ping_status":"closed","template":"","meta":{"ngg_post_thumbnail":0,"footnotes":""},"class_list":["post-290","page","type-page","status-publish","hentry"],"_links":{"self":[{"href":"https:\/\/desetaosnovna.edu.ba\/index.php\/wp-json\/wp\/v2\/pages\/290","targetHints":{"allow":["GET"]}}],"collection":[{"href":"https:\/\/desetaosnovna.edu.ba\/index.php\/wp-json\/wp\/v2\/pages"}],"about":[{"href":"https:\/\/desetaosnovna.edu.ba\/index.php\/wp-json\/wp\/v2\/types\/page"}],"author":[{"embeddable":true,"href":"https:\/\/desetaosnovna.edu.ba\/index.php\/wp-json\/wp\/v2\/users\/1"}],"replies":[{"embeddable":true,"href":"https:\/\/desetaosnovna.edu.ba\/index.php\/wp-json\/wp\/v2\/comments?post=290"}],"version-history":[{"count":25,"href":"https:\/\/desetaosnovna.edu.ba\/index.php\/wp-json\/wp\/v2\/pages\/290\/revisions"}],"predecessor-version":[{"id":2061,"href":"https:\/\/desetaosnovna.edu.ba\/index.php\/wp-json\/wp\/v2\/pages\/290\/revisions\/2061"}],"wp:attachment":[{"href":"https:\/\/desetaosnovna.edu.ba\/index.php\/wp-json\/wp\/v2\/media?parent=290"}],"curies":[{"name":"wp","href":"https:\/\/api.w.org\/{rel}","templated":true}]}}